ase 13, what is -1938a + 4?
-19386
In base 6, what is 5 - -10542334?
10542343
In base 10, what is 58 + -4594?
-4536
In base 11, what is -974 - 138?
-1001
In base 12, what is 0 + 31b28?
31b28
In base 8, what is -2 + 301266?
301264
In base 5, what is -2 + 204044304?
204044302
In base 12, what is 243 + 934?
b77
In base 13, what is -93b3 + -4?
-93b7
In base 10, what is 81 - 4705?
-4624
In base 8, what is 433 - 312?
121
In base 5, what is -4032 + -2112?
-11144
In base 15, what is -3 + 391b?
3918
In base 8, what is -1252670 - 2?
-1252672
In base 11, what is 4 - -105218?
105221
In base 16, what is 3 + -69c?
-699
In base 13, what is -673 + -47?
-6ba
In base 4, what is -2032 - -1021?
-1011
In base 5, what is -2 - -313040?
313033
In base 15, what is -cda + 4?
-cd6
In base 2, what is 1011011000001001101101 + 101?
1011011000001001110010
In base 10, what is -63606 + 3?
-63603
In base 4, what is -130103 + -10012?
-200121
In base 14, what is -9c0 - 1236?
-1c16
In base 14, what is -794a8 + 3?
-794a5
In base 16, what is -3c + -46a4?
-46e0
In base 14, what is 25 + -c6?
-a1
In base 6, what is -3 - 140151?
-140154
In base 2, what is 100001001 - -101001000?
1001010001
In base 6, what is -1 - 21112?
-21113
In base 16, what is 4 + -48af0?
-48aec
In base 5, what is 3144343 + -2?
3144341
In base 7, what is -10102022 + 3?
-10102016
In base 10, what is 14 - -91096?
91110
In base 12, what is 4741 + 13?
4754
In base 4, what is 13320 + 32021?
112001
In base 4, what is 213120321313 - -1?
213120321320
In base 10, what is 20618 - 2?
20616
In base 2, what is -1000000100000 + -1000?
-1000000101000
In base 2, what is -10001010010010110101 + -1?
-10001010010010110110
In base 11, what is 1a6 + -1368?
-1172
In base 11, what is -1 - 14268?
-14269
In base 11, what is -76 + 133?
68
In base 16, what is 16c + 63b?
7a7
In base 11, what is -301 - -6?
-2a6
In base 4, what is -1033301030 + -2?
-1033301032
In base 16, what is 640 - -51?
691
In base 3, what is -21220120002 - 10?
-21220120012
In base 13, what is -2 + 252a25?
252a23
In base 15, what is -4d57 - -b?
-4d4b
In base 11, what is -47436 - -2?
-47434
In base 11, what is -3058a + -5?
-30594
In base 14, what is -11 + -6b8?
-6c9
In base 10, what is 32 + 101929?
101961
In base 15, what is -116a - -3?
-1167
In base 13, what is 71a93 + 5?
71a98
In base 14, what is -8 + 53b6?
53ac
In base 3, what is 12210021 + 2200?
12212221
In base 11, what is 59 - -495?
543
In base 16, what is -2 + 1ddc5?
1ddc3
In base 14, what is 26 + -1093?
-106b
In base 12, what is 2282 - 23?
225b
In base 10, what is -1876530 - 0?
-1876530
In base 13, what is -6b9 + -168?
-854
In base 15, what is 11e89 + -13?
11e76
In base 4, what is 112 + -30301132?
-30301020
In base 13, what is -5 - 12c0ba?
-12c0c2
In base 11, what is 8 + 261?
269
In base 10, what is 52 - -29278?
29330
In base 7, what is 4 + -2251216?
-2251212
In base 13, what is -5 - 1ba8bb?
-1ba8c3
In base 2, what is 10001011 - -1001110110?
1100000001
In base 5, what is 10 + -43104?
-43044
In base 5, what is -22303 + -1110?
-23413
In base 6, what is -2 + 42115415?
42115413
In base 3, what is -12121100021 + -112?
-12121100210
In base 16, what is -1b - -6e8?
6cd
In base 11, what is 2289 - -5a?
2338
In base 11, what is 280a + -24?
2796
In base 9, what is 0 - 13180?
-13180
In base 9, what is -5547 - 10?
-5557
In base 16, what is 4bc + -406?
b6
In base 10, what is -5 + -47421?
-47426
In base 12, what is 22248 + 9?
22255
In base 9, what is -1 - 2876315?
-2876316
In base 9, what is -1153246 - -7?
-1153238
In base 3, what is -212101010111 + 12?
-212101010022
In base 15, what is 3 - b8b4b?
-b8b48
In base 12, what is 18 - -988?
9a4
In base 12, what is 0 + 14b7a?
14b7a
In base 9, what is -555 - -25?
-530
In base 14, what is -676595 - 0?
-676595
In base 2, what is -11 + -11010011111011101?
-11010011111100000
In base 15, what is -10e4 + b?
-10d8
In base 7, what is -3 - -520?
514
In base 5, what is -4134 - 40020?
-44204
In base 13, what is -2c22 - -10?
-2c12
In base 16, what is 15f343 - 2?
15f341
In base 6, what is 1020 - -50522?
51542
In base 15, what is -39a + -9c?
-447
In base 4, what is -3 + -12333012?
-12333021
In base 2, what is 1010 - 1000001010100010?
-1000001010011000
In base 13, what is 3 - -3a918?
3a91b
In base 5, what is 32411100 + -13?
32411032
In base 5, what is 1020101 - -2?
1020103
In base 2, what is 1110111000001100 + 1001?
1110111000010101
In base 16, what is 4 - ffb3?
-ffaf
In base 10, what is 116 - 3369?
-3253
In base 16, what is 2e31b - -3?
2e31e
In base 15, what is -187e + -7d?
-190c
In base 11, what is 12 - -29?
40
In base 4, what is 31213 + 130?
32003
In base 4, what is -121202020 - -11?
-121202003
In base 10, what is -21795 + -15?
-21810
In base 15, what is -1a9 - 62?
-21b
In base 10, what is -26 - 117244?
-117270
In base 2, what is -1011 - 10111001111?
-10111011010
In base 15, what is 14e + -55ee?
-54a0
In base 13, what is -913 - 0?
-913
In base 5, what is 232244 + -3?
232241
In base 8, what is -5322 - 12?
-5334
In base 5, what is 214043343 - 4?
214043334
In base 9, what is 712 - 6?
705
In base 4, what is -12 + -100221101?
-100221113
In base 3, what is 0 + 11011220011?
11011220011
In base 2, what is -110110001010 + -100110?
-110110110000
In base 4, what is -1111002023 - -1?
-1111002022
In base 16, what is 26 + 379?
39f
In base 2, what is 100 - 1101010111100101?
-1101010111100001
In base 12, what is a34 - 1291?
-459
In base 4, what is -132203 + -10?
-132213
In base 7, what is 4 - -410542?
410546
In base 16, what is -1eb + -9?
-1f4
In base 12, what is -1 - -1a2491?
1a2490
In base 5, what is 1144322 - 1024?
1143243
In base 7, what is 4414354 - -5?
4414362
In base 9, what is 1712 + -74?
1627
In base 4, what is 1 + -1211102012?
-1211102011
In base 7, what is 5300 - -666?
6266
In base 8, what is 0 - -216544?
216544
In base 5, what is 11030203 - 0?
11030203
In base 13, what is 0 + 10ab?
10ab
In base 15, what is 189 - -b5?
24e
In base 5, what is 2240 + 242?
3032
In base 9, what is -528734 - 5?
-528740
In base 13, what is 2 + -31a?
-318
In base 2, what is 101110101100100100 + 11?
101110101100100111
In base 6, what is 0 - -24524?
24524
In base 11, what is -176449 + -5?
-176453
In base 6, what is 340153222 - 3?
340153215
In base 8, what is 152105 - 27?
152056
In base 2, what is 100111001111101010 - 1011?
100111001111011111
In base 13, what is -484 + a5?
-3ac
In base 14, what is 47a + 5?
481
In base 15, what is -155 + -22?
-177
In base 3, what is -1000122012 + -22?
-1000122111
In base 9, what is 2762123 + -2?
2762121
In base 6, what is -3024 - 2315?
-5343
In base 13, what is 0 - -266377?
266377
In base 14, what is -463d - d3?
-4732
In base 8, what is -1047520 + 0?
-1047520
In base 15, what is aee + 63?
b62
In base 2, what is 101000000000 + 101100?
101000101100
In base 11, what is -131325 + 1?
-131324
In base 7, what is 40523451 - -1?
40523452
In base 5, what is -301140222 + 0?
-301140222
In base 15, what is -6e9dd - -5?
-6e9d8
In base 14, what is -2 - 10a7?
-10a9
In base 2, what is 1101 + 11010001100011?
11010001110000
In base 2, what is 11110100000110 + 101?
11110100001011
In base 12, what is -1 + 35a346?
35a345
In base 6, what is 5 - -1114353?
1114402
In base 6, what is -1 - -212205?
212204
In base 6, what is -35323 - -1030?
-34253
In base 10, what is -1827 + -102?
-1929
In base 10, what is 1401986 + -2?
1401984
In base 15, what is -e6 - -6?
-e0
In base 13, what is 1 + 35b93?
35b94
In base 8, what is 414 - 375?
17
In base 15, what is 52 - 8b4?
-862
In base 10, what is 12344 - -4?
12348
In base 13, what is 1ca + -2?
1c8
In base 11, what is 3 - 1798?
-1795
In base 6, what is 50 + -320223?
-320133
In base 13, what is -3 - -4cbbb?
4cbb8
In base 9, what is -15041 + 16?
-15024
In base 3, what is -2221011 - -12?
-2220222
In base 13, what is 6 + 69b?
6a4
In base 14, what is 1 + 8a419?
8a41a
In base 3, what is -200001 - 101?
-200102
In base 8, what is -4 + -623041?
-623045
In base 4, what is -12 - -33123?
33111
In base 6, what is -11 - -203502?
203451
In base 13, what is 3 + 66c5b?
66c61
In base 9, what is -4 + -245111?
-245115
In base 9, what is 73384 + 5?
73400
In base 11, what is 12230 - -198?
12418
In base 7, what is -3 - -2431?
2425
In base 7, what is 30 - -4206?
4236
In base 2, what is -11 + 100010000110010000?
1